w + 3*k = -w + 3777. What are the prime factors of w?
3, 419
Let o(u) = u**3 - 17*u**2 - 14*u + 5. What are the prime factors of o(19)?
461
Let y(f) = 0*f**2 - 25 + 2*f**2 + 2*f + 28. Suppose 5*i = -3*h + 3, 4*h - 2*i - i + 25 = 0. What are the prime factors of y(h)?
3
Let k(i) = i**2 - i + 3. Let b be k(0). Let d be 4*(-7)/2 + b. Let a(x) = -2*x - 10. What are the prime factors of a(d)?
2, 3
Let c be 6/4 - 152/16. Let n be 8*(-1 + (-12)/c). Suppose -4*w = -4*d - 104, 2*w - d - n*d = 55. What are the prime factors of w?
5
List the prime factors of 2 - (-324 + -5) - -5.
2, 3, 7
Let g be 4 - (-72)/(4 - 6). Let v = g + 63. List the prime factors of v.
31
Let d(n) = 34*n**3 + 2*n**2 - 2*n + 1. Let q be d(1). Let z be ((-20)/q)/(3/(-21)). Suppose 3*w = z*f - 107 - 50, 3*f - 120 = 3*w. List the prime factors of f.
37
Let s be (-210)/20*(-4)/6. What are the prime factors of ((-76)/s)/(3/(126/(-12)))?
2, 19
Suppose 0*i = -3*i - 6. Let h(z) be the first derivative of -z**4/2 + 3*z**2/2 + 3*z - 12. What are the prime factors of h(i)?
13
Suppose y + 169 = -15*j + 12*j, 110 = -2*j - 2*y. Let v = 11 - -80. Let p = v + j. What are the prime factors of p?
2, 17
Let m be 16 + 2 - (-9)/(18/4). Suppose 16*q + 928 = m*q. List the prime factors of q.
2, 29
Let n(y) = y - 2. Let s be n(7). Suppose s*i + i = 372. List the prime factors of i.
2, 31
Suppose -2*n - 3*t = -20, -6 = -5*t + 14. Let a be (0 - 2) + 16/n. List the prime factors of 44 - (-12)/(-8)*a.
41
Let u = -466 + 772. Suppose 7*t = t - u. Let v = t + 77. List the prime factors of v.
2, 13
Suppose 21*m - 291 = 20*m + 5*l, 2*m = -4*l + 582. List the prime factors of m.
3, 97
Let y be (-2)/(-8) - 5/(80/(-28)). Suppose -140 = -y*d + 5*o, 0 = -6*d + 2*d - o + 280. List the prime factors of d.
2, 5, 7
Let q be (3/1 - 2) + -1. Let k be (q + -12)*(-483)/28. What are the prime factors of (1*2)/(18/k)?
23
Suppose 12 = -3*x, -33*x + 29*x + 7879 = 5*g. List the prime factors of g.
1579
Let f(t) be the third derivative of t**5/60 - t**4/3 + 17*t**3/6 + 21*t**2. What are the prime factors of f(11)?
2, 5
Suppose 18 = -2*i - 8. Let d = i + 40. What are the prime factors of d?
3
Let z(o) = -2*o - 3. Let r be z(-1). Let c(m) = -3*m. What are the prime factors of c(r)?
3
Suppose -4*t - 847 - 1829 = -4*j, 5*j - 3309 = -4*t. What are the prime factors of j?
5, 7, 19
Let u(a) = -a**3 - 8*a**2 - 6*a + 9. Let d be u(-7). Suppose 3*i + 36 = 2*p, -p - 3*i = -d*p + 24. List the prime factors of (0 + 1/2)*p.
2, 3
Let g(f) = 26*f + 13. Let p(i) = -9*i - 4. Let w(o) = -6*g(o) - 17*p(o). Let z be w(-4). Suppose -3 = -z*t + 17. List the prime factors of t.
2, 5
Suppose -x - 2*t = -170 - 395, 3*x - 1674 = t. What are the prime factors of x?
13, 43
Let p = -7 - -10. Suppose 2*s + 2*a - 5 = 1, 0 = 3*s - p*a - 27. Let v(z) = z**3 - 7*z**2 + 7*z - 4. What are the prime factors of v(s)?
2
Let h(i) = -i**2 - i. Let j(v) = v**3 + v**2 + 8*v - 2. Let m(y) = 6*h(y) - j(y). What are the prime factors of m(-6)?
2, 5
Suppose 0 = -9*b + 8694 - 3033. List the prime factors of b.
17, 37
Let y(a) = -a + 3. Let u be y(4). Let l be 17 - (-2 + (u - -2)). List the prime factors of (-128)/(-6) - l/(-27).
2, 11
Suppose 5*b + 15 = 2*b. List the prime factors of (((-15)/b)/(-1))/(-1).
3
Let g be (-1)/(1*(3 + -4)) - -4. Suppose g*s = 5*n + 8*s - 558, 562 = 5*n + 2*s. List the prime factors of n.
2, 3, 19
Let d(x) = 6*x**2 + 38*x + 10. Let v be 12 + -18 + -3 + 1. List the prime factors of d(v).
2, 3, 5
Suppose 0 = -5*c - 3*z + 2743, -5*c + 2763 = 2*z - 4*z. Suppose -11*s = -967 - c. What are the prime factors of s?
2, 3, 23
Let m(b) = 2381*b**2 - 22*b + 21. List the prime factors of m(1).
2, 5, 7, 17
Let q be (-4)/(-18) + 1476/(-81). Let r be (31 + -1)*48/q. Let s = -54 - r. List the prime factors of s.
2, 13
Suppose 11*r - 12*r = 2. What are the prime factors of (206 - -3) + (r - -4)?
211
Let m = -45 + 91. Let p = 29 + m. List the prime factors of p.
3, 5
Let s be (3/2)/(63/(-2184)). Let b = 129 + s. List the prime factors of b.
7, 11
Suppose 5*x + 4*m - 31 = 0, 2*m = -x - 0*m + 11. Suppose 3*o = x*n - 378, 4*n + 2*o - 5*o - 502 = 0. List the prime factors of n.
2, 31
Suppose -4*k + 9486 = 1210. What are the prime factors of k?
2069
Let n be (-1428)/(-8) + 9/6. Suppose 3*a + n = 7*a. List the prime factors of a.
3, 5
What are the prime factors of (2051/35)/(3/(-5))*-21?
7, 293
Let j(u) = 2*u**2 + 3*u**3 + 4 - 3 + 2*u - u**3. Let k be j(-1). What are the prime factors of k/(-3) + 34/6?
2, 3
List the prime factors of -7 - -2 - -1145 - -1.
7, 163
What are the prime factors of (-25)/5*(-132)/1?
2, 3, 5, 11
Suppose -20604 = -37*t + 16174. What are the prime factors of t?
2, 7, 71
Let b(o) be the first derivative of -7*o**2 - 21*o - 8. What are the prime factors of b(-7)?
7, 11
What are the prime factors of 630/60 - (-5)/(-2)?
2
Suppose -c = -4*b + 4493, -24*c - 4478 = -4*b - 26*c. What are the prime factors of b?
2, 3, 11, 17
Let q be 4528/22 - (-2)/44*4. Let d = -92 + q. What are the prime factors of d?
2, 3, 19
List the prime factors of (-1)/11 - 44996/(-308).
2, 73
Let c(t) = 2*t**2 - 10*t - 20. Let g be c(7). Suppose 0 = -g*y + 473 - 97. List the prime factors of y.
47
Suppose 0 = 23*i - 20*i - 9. Suppose -3*l - 5*w + 231 = 0, 43 + 112 = 2*l + i*w. List the prime factors of l.
2, 41
Let j = 3 + 0. Suppose j*x - 94 = 56. Suppose 3*v + 42 = 3*a, 3*a - 5*v = -0*v + x. What are the prime factors of a?
2, 5
Let z = 1 - 0. Let d = z + 5. What are the prime factors of (-14)/4*d/(-3)?
7
Suppose 5 = u, -3*g + 9 = 2*u + u. List the prime factors of (-4)/18 + ((-6524)/18)/g.
181
Suppose 2*l + 2884 = 3*l + 3*j, 2*j = 5*l - 14488. List the prime factors of l.
2, 181
Let z be ((-4)/8)/((-1)/(-4)). Let c be 12 + 6/z + 3. Suppose 0 = 4*x - x - c. List the prime factors of x.
2
List the prime factors of (-33089)/(-35) + (-6)/15.
3, 5, 7
Suppose 16*m = 20*m + 84. What are the prime factors of (m + 65)*21/4?
3, 7, 11
Suppose m + 8723 = 12*m. What are the prime factors of m?
13, 61
Let h be ((-2)/6)/((-7)/2709). Let p = h - 58. List the prime factors of p.
71
Let h(p) = -p + 15. Let w(i) = -i + 2. Let j be w(-9). Let s be h(j). Suppose -d + 19 = s*r, -7*d + 25 = -4*d + 4*r. What are the prime factors of d?
3
Suppose 0 = -3*a - 3*i + 387, -526 = -4*a - 7*i + 8*i. List the prime factors of a.
131
Let j = 17 - 20. Let k be -3*(0 + j - 0). Let n(m) = m**3 - 8*m**2 - 2*m - 7. What are the prime factors of n(k)?
2, 7
Let o(b) = -262*b - 3. Let v be o(-2). Suppose -7*c + 530 = -3*c + 2*p, -4*c - 5*p + v = 0. Suppose 0 = 5*n - c - 6. What are the prime factors of n?
2, 7
Suppose 0 = u + 5*o - 2856, -83*u - 2811 = -84*u + 4*o. List the prime factors of u.
19, 149
Suppose -2*h + 875 = -2163. What are the prime factors of h?
7, 31
Suppose q + d = 5 - 24, d - 65 = 5*q. Let r = 1 + q. Let p = r + 30. What are the prime factors of p?
17
Let i(h) = h**3 + 6*h**2 + 11*h + 16. Let k be i(-5). Let a = k + 35. What are the prime factors of a?
3, 7
Let a = 27 - 27. Suppose 4*b - 7*b + 102 = a. What are the prime factors of b?
2, 17
Suppose 2*c = 2*u, -4*u + 2*u = 5*c - 35. What are the prime factors of 583/u + (-42)/(-105)?
3, 13
Suppose -4*q = -9*q + 20. Suppose -q*t - 3*t + 238 = 0. What are the prime factors of t?
2, 17
Let d(p) = -5 + 12*p**2 - p**3 + 24*p - 9 - 5*p + 5*p. List the prime factors of d(13).
3, 43
Let n(j) = j**3 + 37*j**2 + 27*j + 52. List the prime factors of n(-36).
2, 47
Suppose 25 = 2*i + 21. Suppose -313 = -i*d + z, 2*z + 70 = d - 88. What are the prime factors of d?
2, 3, 13
Suppose 3956 = 34*m - 7094. What are the prime factors of m?
5, 13
Let c be (-27)/(-4)*(-36)/9. Let q = c - -39. List the prime factors of q.
2, 3
Suppose 4*s = -4, -3*u + 2*s + 182 = 2*u. Let n be 5*(u/20 - 3). Let l(x) = x**3 + 6*x**2 - 2*x - 6. List the prime factors of l(n).
2, 3
Let f be (-144)/(-54)*21/(-2). Let k = f - -107. What are the prime factors of k?
79
Let a = 14 - 14. Let z(x) = -x**3 - x + 84. Let c be z(a). Let j = c + -46. What are the prime factors of j?
2, 19
Let h(n) = -13*n**2 + 71*n - 32. Let u(v) = -3*v**2 + 18*v - 8. Let b(q) = -2*h(q) + 9*u(q). List the prime factors of b(11).
7, 13
Suppose 544 = 5*k + 104. Let q = k + 21. List the prime factors of q.
109
Let s(f) = 10*f + 